*2 - 2*x + 3. Determine k(-12).
27
Let t(b) = 25*b - 3. Give t(2).
47
Let n(d) = -d**2 + d + 10. Determine n(-2).
4
Let m(o) = o - 8. Give m(17).
9
Let f(d) = d**3 - 5*d**2 - 18*d + 58. Give f(5).
-32
Let u(j) = 4*j - 28. Determine u(1).
-24
Let z(o) = -10*o - 13. Determine z(7).
-83
Let q(h) = -3*h**2 - 5*h + 2. Determine q(1).
-6
Let f(r) = -r**2 - 15*r + 23. Give f(-9).
77
Let u(j) = -j**2 - 3*j - 3. Give u(-2).
-1
Let f(k) = -k**3 + 34*k**2 + 73*k - 44. Determine f(36).
-8
Let z(v) = v**3 + v. Determine z(-1).
-2
Let m(w) = -13*w - 4. Determine m(-2).
22
Let a(b) = -b**3 - 29*b**2 - 55*b - 28. What is a(-27)?
-1
Let x(r) = r**3 + 10*r**2 + 3*r - 21. Calculate x(-6).
105
Let q(w) = w**2 + 8*w - 2. Give q(-8).
-2
Let h(i) = -i**3 - 2*i**2 + 3*i - 20. Determine h(-4).
0
Let g(x) = x**3 + 12*x**2 - 4*x - 1. Calculate g(-13).
-118
Let z(l) = 27*l + 433. What is z(-16)?
1
Let z(p) = -p**3 + 3*p + 1. Determine z(-3).
19
Let r(x) = 2*x**2 - x - 40. What is r(-7)?
65
Let k(u) = u**2 - 15*u - 10. Give k(14).
-24
Let s(k) = k**3 + 7*k**2 - 3*k - 8. Determine s(-7).
13
Let m(p) = -p**3 + 20*p**2 - 22*p + 66. Determine m(19).
9
Let b(c) = 19*c + 121. Give b(-6).
7
Let p(m) = -4*m - 5. What is p(3)?
-17
Let g(i) = -i**3 + 4*i + 2. Determine g(-4).
50
Let c(w) = 3*w + 55. Give c(-21).
-8
Let g(m) = -39*m + 17. Determine g(2).
-61
Let o(f) = -f**2 + 12*f - 24. Give o(9).
3
Let l(m) = -7*m + 70. What is l(12)?
-14
Let f(q) = q**2 - 3*q + 5. Calculate f(5).
15
Let p(u) = 6*u**2 - 166*u - 63. Determine p(28).
-7
Let b(t) = -2*t**3 + 16*t**2 - t - 5. Calculate b(8).
-13
Let p(h) = h**2 + 4*h + 4. Give p(-4).
4
Let z(q) = -q**3 - 7*q**2 - 5*q + 7. What is z(-2)?
-3
Let s(h) = 2*h**3 + 14*h**2 + 5*h + 38. Determine s(-7).
3
Let b(i) = i**2 + 2*i - 2. What is b(-2)?
-2
Let x(s) = -5*s + 33. Give x(-13).
98
Let t(h) = -h**2 - 13*h + 2. Calculate t(-10).
32
Let z(r) = 2*r**2 - r - 24. Give z(0).
-24
Let h(g) = g + 14. Determine h(-6).
8
Let m(h) = h + 7. Determine m(-12).
-5
Let n(f) = 72*f + 287. What is n(-4)?
-1
Let g(p) = p**3 + 17*p**2 + 31*p + 17. What is g(-15)?
2
Let k(v) = -v**2 + 10*v + 13. Calculate k(10).
13
Let g(v) = -v**3 + 7*v**2 + 6*v + 6. Determine g(8).
-10
Let b(r) = -r**2 - 3*r - 2. What is b(-3)?
-2
Let z(j) = -4*j - 159. Give z(-31).
-35
Let o(z) = -2*z + 13. Give o(-12).
37
Let i(j) = 7*j - 314. Give i(44).
-6
Let g(h) = 2*h**2 - 41*h + 52. Determine g(19).
-5
Let u(z) = z**3 - 11*z**2 - 29*z + 32. Determine u(13).
-7
Let n(m) = -4*m**3 - 2*m**2 + 5*m + 7. Determine n(-1).
4
Let p(n) = -n**2 + 18*n + 1. Calculate p(13).
66
Let k(v) = -v**3 - 19*v**2 - 50*v - 32. Calculate k(-16).
0
Let s(y) = y**3 + 11*y**2 + 22*y + 31. Give s(-9).
-5
Let i(l) = -8*l - 22. Give i(9).
-94
Let y(r) = -2*r**3 + 3*r**2 - 5*r + 1. What is y(2)?
-13
Let t(f) = -f**3 - 16*f**2 + f. What is t(-16)?
-16
Let m(j) = -j**3 + 5*j**2 + 7*j + 4. Calculate m(6).
10
Let z(c) = -c**2 - 2*c + 4. What is z(-3)?
1
Let k(y) = -4*y - 21. Calculate k(-9).
15
Let t(f) = 2*f**2 - 55*f + 243. Give t(22).
1
Let s(m) = -4*m - 100. What is s(-25)?
0
Let i(l) = l**2 - 2*l + 9. Determine i(0).
9
Let h(g) = -g**2 - 14*g - 29. Calculate h(-12).
-5
Let i(x) = -x**2 - 17*x + 18. Determine i(-8).
90
Let m(l) = -96*l + 388. Determine m(4).
4
Let u(a) = -13*a**2 + 30*a - 4. Determine u(2).
4
Let f(n) = -25*n + 96. What is f(5)?
-29
Let d(p) = -5*p**3 - p**2 - 2*p - 1. What is d(-1)?
5
Let w(g) = 5*g**2 + 3*g + 1. Give w(3).
55
Let d(r) = -r**2 - 11*r - 26. What is d(-11)?
-26
Let t(o) = o**2 + 16*o - 65. What is t(-21)?
40
Let g(y) = y**2 + 28*y - 239. Calculate g(7).
6
Let f(s) = -8*s - 1. What is f(1)?
-9
Let o(s) = s**2 + 19*s + 83. Determine o(-6).
5
Let p(d) = 15*d - 158. Give p(11).
7
Let h(w) = 9*w**2 + w - 2. Give h(1).
8
Let i(w) = 5*w - 79. Determine i(17).
6
Let l(j) = 2*j**3 - 13*j**2 + 2*j - 20. Calculate l(7).
43
Let z(x) = -x**2 + 2*x - 2. Calculate z(4).
-10
Let n(g) = -g**2 + 8*g + 13. Give n(-4).
-35
Let r(c) = c**2 - 6*c + 9. Calculate r(5).
4
Let z(w) = -49*w - 494. Determine z(-10).
-4
Let m(b) = 3*b - 44. What is m(6)?
-26
Let f(g) = g**3 + 5*g**2 - 14. Give f(-4).
2
Let z(m) = m**3 + 4*m**2 - 2. Determine z(-4).
-2
Let r(t) = -t**3 + 6*t**2 + 14*t + 5. Give r(8).
-11
Let u(f) = f**3 - 9*f**2 + 3*f + 10. Determine u(8).
-30
Let v(s) = -4*s + 19. Determine v(4).
3
Let u(t) = t - 17. What is u(0)?
-17
Let v(w) = -14*w**2 - 5*w - 4. Calculate v(-2).
-50
Let y(o) = -o**3 + 38*o**2 + o - 34. What is y(38)?
4
Let r(v) = -v**2 + 6*v - 10. What is r(5)?
-5
Let f(z) = 4*z - 2. Give f(-7).
-30
Let d(a) = 6*a + 52. Give d(-8).
4
Let z(m) = -2*m**2 + 9*m. Give z(7).
-35
Let b(t) = -t**2 - 6*t - 9. Calculate b(-3).
0
Let q(w) = 2*w**3 - 4*w**2 + 4*w - 1. Calculate q(2).
7
Let p(a) = 4*a + 6. Calculate p(6).
30
Let m(w) = -3*w**2 - 8*w - 5. What is m(-3)?
-8
Let q(l) = -l**2 + l + 4. Give q(-4).
-16
Let u(q) = q**3 + 4*q**2 - 14*q + 6. Give u(-7).
-43
Let k(j) = -j**3 + 13*j**2 + 8*j - 103. Calculate k(13).
1
Let f(l) = l - 6. Determine f(-10).
-16
Let w(j) = -2*j - 47. Give w(-20).
-7
Let a(h) = -16*h**2 + 6*h - 4. Calculate a(2).
-56
Let t(j) = 4*j**3 - 4*j**2 - j + 9. What is t(3)?
78
Let r(c) = 2*c - 11. Determine r(7).
3
Let k(s) = -s**3 + 8*s**2 - 5*s - 9. Give k(7).
5
Let f(c) = 2*c + 9. What is f(-6)?
-3
Let w(r) = 32*r**3 + r**2 + 2*r. Give w(-1).
-33
Let b(d) = -3*d**3 + 2*d**2 - 2*d - 1. What is b(2)?
-21
Let t(b) = -b**2 - 2*b + 120. Give t(-12).
0
Let y(a) = -3*a + 64. Determine y(-16).
112
Let b(n) = -6*n + 18. Calculate b(-9).
72
Let d(n) = n**3 + 21*n**2 + 19*n - 18. What is d(-20)?
2
Let i(d) = -d**2 - 8*d + 26. Give i(-6).
38
Let g(w) = w**3 + 12*w**2 - 9*w - 106. Calculate g(-12).
2
Let s(p) = p - 8. Calculate s(9).
1
Let m(w) = -5*w + 7. Calculate m(2).
-3
Let q(o) = 5*o**2 - 2*o + 1. Calculate q(-3).
52
Let m(j) = 32*j - 103. Calculate m(3).
-7
Let m(r) = -67*r**3 - r**2 + r - 1. What is m(1)?
-68
Let s(p) = 6*p**2 + p. Determine s(-1).
5
Let x(w) = -w**2 + 12*w + 33. Calculate x(16).
-31
Let j(l) = 5*l**2 + 2*l + 3. Give j(-2).
19
Let a(p) = -3*p + 10. What is a(5)?
-5
Let b(q) = -q**3 + 20*q**2 + 2*q - 5. Determine b(20).
35
Let y(q) = -4*q - 18. Determine y(-8).
14
Let z(w) = -2*w**2 - 24*w + 7. Give z(-11).
29
Let y(t) = -t**2 - 5*t - 4. Calculate y(-4).
0
Let y(p) = -p**2 + 24*p - 75. Give y(17).
44
Let o(r) = r**3 + 8*r**2 - 13*r - 29. Calculate o(-9).
7
Let w(s) = -63*s + 14. Calculate w(0).
14
Let s(b) = b**3 + 5*b**2 + 3*b + 9. Give s(-4).
13
Let m(h) = -4*h + 70. Give m(18).
-2
Let q(y) = -y**2 - 11*y - 27. Calculate q(-11).
-27
Let l(f) = -4*f**3 + 15*f**2 + 7*f - 15. What is l(4)?
-3
Let r(t) = -t**2 + t - 1. Calculate r(-4).
-21
Let i(j) = -26*j + 13. Determine i(-1).
39
Let g(v) = -2*v**2 - 3*v + 10. What is g(5)?
-55
Let f(m) = -3*m**2 + 37*m - 5. Give f(13).
-31
Let c(s) = -s**3 + 6*s**2 + 40*s - 120. Determine c(9).
-3
Let z(f) = 44*f - 5. Give z(-3).
-137
Let v(x) = 3*x - 38. Determine v(9).
-11
Let r(h) = -h**2 - h + 1. Calculate r(-2).
-1
Let q(w) = 2*w**2 - 48*w + 40. Give q(23).
-6
Let l(b) = -b + 15. Determine l(20).
-5
Let a(y) = -y - 2. Determine a(-2).
0
Let o(r) = -r**2 + 11*r - 11. Calculate o(10).
-1
Let v(g) = -g**2 - 33*g + 93. Determine v(-36).
-15
Let x(g) = -g**3 + 5*g**2 + g - 3. What is x(2)?
11
Let k(p) = -3*p + 3. Calculate k(12).
-33
Let o(z) = -z**3 + 6*z**2 + 4*z + 7. Calculate o(7).
-14
Let g(h) = h**3 - 11*h**2 + 11. What is g(11)?
11
Let l(b) = 4*b + 26. Determine l(3).
38
Let m(u) = 6*u - 41. Determine m(6).
-5
Let j(q) = -q**3 + 11*q**2 - 20*q - 22. Give j(9).
-40
Let t(l) = l**3 + 12*l**2 + 34*l + 18. What is t(-8)?
2
Let b(m) = -m + 23. Determine b(25).
-2
Let t(m) = 3*m + 13. Determine t(-14).
-29
Let p(s) = s + 23. Determine p(-17).
6
Let u(h) = -13*h - 72. What is u(-5)?
-7
Let q(r) = -r**2 + 2*r + 1. Give q(4).
-7
Let m(u) = -u**3 - 6*u**2 + 7*u - 10. Give m(-7).
-10
Let s(w) = 5*w**2 + 10*w + 1. Determine s(-3).
16
Let i(c) = 61*c - 8. What is i(1)?
53
Let c(v) = v**2 + 3*v - 5. Determine c(4).
23
Let w(h) = -h**2 - 8*h + 4. Give w(-10).
-16
Let a(s) = -s + 14. Calculate a(3).
11
Let q(p) = 11*p**2 + 5*p + 4. Determine q(-1).
10
Let k(p) = 3*p - 48. Give k(15).
-3
Let y(r) = -309*r - 1226. What is y(-4)?
10
Le